ase 9, what is 2 - 467?
-465
In base 4, what is 11 - -1302211?
1302222
In base 10, what is 20 - 0?
20
In base 3, what is -210 + 21?
-112
In base 2, what is -10101000 - -1?
-10100111
In base 10, what is -2970 - -3?
-2967
In base 8, what is 105 - -464?
571
In base 5, what is -12 - -2210?
2143
In base 15, what is -2 - -20?
1d
In base 6, what is 33 - -510?
543
In base 11, what is 5 + 2?
7
In base 5, what is 40 - -10?
100
In base 8, what is -40 + -20?
-60
In base 11, what is -408 + -13?
-420
In base 2, what is 0 - 0?
0
In base 14, what is 397 - 4?
393
In base 2, what is -1010101 - 10011111?
-11110100
In base 16, what is 7f7 + 5?
7fc
In base 4, what is -22 - 230?
-312
In base 10, what is 3 - -151?
154
In base 3, what is -112211 + 12?
-112122
In base 16, what is 28 + -11?
17
In base 9, what is 0 - -313?
313
In base 9, what is -3 - -213?
210
In base 6, what is -11425 + 4?
-11421
In base 6, what is -1 - 304?
-305
In base 11, what is -4a8 + 9?
-49a
In base 10, what is -4 - -52?
48
In base 9, what is -130 + 0?
-130
In base 16, what is -22 + -3?
-25
In base 11, what is -a6 + -16?
-111
In base 2, what is -101010001 + -11?
-101010100
In base 8, what is -564 + -4?
-570
In base 3, what is 222000202 - 0?
222000202
In base 8, what is -10600 + -4?
-10604
In base 7, what is -16 + 1340?
1321
In base 12, what is 0 + 2376?
2376
In base 4, what is -2 - 232?
-300
In base 10, what is -3 - 127?
-130
In base 10, what is -4145 + -4?
-4149
In base 11, what is 53 - 4?
4a
In base 12, what is 1b - -2?
21
In base 4, what is 2 + -232?
-230
In base 11, what is 50 - -10?
60
In base 7, what is 5 + 0?
5
In base 7, what is 2 - 1000?
-665
In base 14, what is -2 + 67?
65
In base 2, what is -1011 + 1111?
100
In base 12, what is 3 + 29?
30
In base 10, what is 7 + 10?
17
In base 9, what is -8 - 761?
-770
In base 7, what is 1013 + 3?
1016
In base 16, what is 0 - -59?
59
In base 5, what is -1013 + -134?
-1202
In base 15, what is 27 + 2d?
55
In base 3, what is -10222102 + 2?
-10222100
In base 13, what is -70 - -3?
-6a
In base 4, what is -3 + 10031?
10022
In base 3, what is 1121210 + -11?
1121122
In base 16, what is 3 - 31?
-2e
In base 6, what is 23 - -15?
42
In base 13, what is 10aa - -6?
10b3
In base 4, what is -2 - 201?
-203
In base 8, what is -5 - 555?
-562
In base 14, what is -4 + 4b?
47
In base 10, what is 1884 + -2?
1882
In base 6, what is -110 + -1454?
-2004
In base 16, what is a - 1c?
-12
In base 9, what is -46816 + 5?
-46811
In base 3, what is -2201 - 2?
-2210
In base 7, what is -4 + -120?
-124
In base 8, what is 16 - -6?
24
In base 16, what is 12 + 4?
16
In base 16, what is a - 83e?
-834
In base 10, what is -8 - -19?
11
In base 15, what is -5 - 5e?
-64
In base 3, what is -11121 - 10?
-11201
In base 7, what is 4 + 4626?
4633
In base 3, what is -22221 - 10?
-100001
In base 13, what is 26 - -25?
4b
In base 12, what is 8230 - 0?
8230
In base 8, what is 1 - 1277?
-1276
In base 13, what is -1 + a7?
a6
In base 16, what is 17a + -6?
174
In base 6, what is 103054 + -3?
103051
In base 13, what is 21 + 8?
29
In base 7, what is -5 + 1243?
1235
In base 2, what is -1011110 - -1000?
-1010110
In base 13, what is -42 + 5?
-3a
In base 9, what is 3 - 3330?
-3326
In base 13, what is -182c - 0?
-182c
In base 4, what is -1112001 + -2?
-1112003
In base 13, what is -1 + -47?
-48
In base 2, what is 10 - -1001?
1011
In base 3, what is 1020 - -10202?
11222
In base 12, what is 15 - -19?
32
In base 4, what is -10 - 11323?
-11333
In base 6, what is 14001 + 3?
14004
In base 3, what is -20001 + 1?
-20000
In base 11, what is -15 - 360?
-375
In base 6, what is -211 - -4?
-203
In base 11, what is 561 - -6?
567
In base 16, what is d14 + -5?
d0f
In base 12, what is -4 + 51?
49
In base 16, what is 10 + -1?
f
In base 13, what is 9 - -51?
5a
In base 6, what is 2 + 2050?
2052
In base 2, what is 11100 + -101?
10111
In base 4, what is -1131 + 20?
-1111
In base 16, what is 0 - 38f?
-38f
In base 7, what is 60 - -10?
100
In base 13, what is 3b - 19?
22
In base 5, what is -1131 + -1?
-1132
In base 13, what is 2 + -297?
-295
In base 6, what is -5 - 2110?
-2115
In base 8, what is 3313 - -4?
3317
In base 16, what is -5 - -2d?
28
In base 14, what is c9 - 3?
c6
In base 8, what is -100 - -141?
41
In base 15, what is -13 - -434?
421
In base 3, what is 11 - 10021?
-10010
In base 16, what is 1b + 6?
21
In base 7, what is 152 + 5?
160
In base 16, what is -2 - -150?
14e
In base 11, what is -3 + -503a?
-5042
In base 11, what is 0 + a?
a
In base 11, what is 81 + -40?
41
In base 9, what is -3652 - 3?
-3655
In base 2, what is 10110110 + -100?
10110010
In base 9, what is -182 - 33?
-225
In base 15, what is -4 - d67?
-d6b
In base 14, what is -4 + -40?
-44
In base 3, what is 12 - 11002?
-10220
In base 8, what is -14454 + -5?
-14461
In base 7, what is 11243 + 5?
11251
In base 8, what is 10 + 40?
50
In base 8, what is 3602 + 2?
3604
In base 10, what is 5 - 1715?
-1710
In base 6, what is -31024 + -3?
-31031
In base 2, what is 10 - 11011001?
-11010111
In base 14, what is -13 - 2?
-15
In base 16, what is -2b + -5?
-30
In base 16, what is 1609 + -1?
1608
In base 16, what is bd3 - -1?
bd4
In base 3, what is -11 + -1012?
-1100
In base 7, what is -644 + -2?
-646
In base 11, what is a + -2?
8
In base 5, what is 4 + -1?
3
In base 13, what is -c3 + -3?
-c6
In base 8, what is 77 + -102?
-3
In base 10, what is -1 + 61?
60
In base 6, what is 2 + 30?
32
In base 12, what is 0 - -11?
11
In base 4, what is 200312 + 13?
200331
In base 16, what is -e7 + -3a?
-121
In base 6, what is 2 + 5?
11
In base 4, what is 23032 - -11?
23103
In base 14, what is -6b - -5?
-66
In base 6, what is 10011 - -5?
10020
In base 13, what is 5 - 365?
-360
In base 10, what is -4 - -151?
147
In base 6, what is 21 + 23?
44
In base 9, what is -3 + 2111?
2107
In base 2, what is 110011000011 - -1?
110011000100
In base 14, what is -c + -185?
-193
In base 2, what is 0 + -110011110101?
-110011110101
In base 12, what is 1160 - -2?
1162
In base 8, what is 1 - 11370?
-11367
In base 14, what is d7 - -2?
d9
In base 7, what is 5 - -10?
15
In base 9, what is -4532 + 4?
-4527
In base 15, what is -13cc - 2?
-13ce
In base 14, what is 1 + ad2?
ad3
In base 7, what is 2 + -6365?
-6363
In base 13, what is 36 - -4b?
84
In base 7, what is -355 - -22?
-333
In base 5, what is 142 + 1?
143
In base 15, what is -116 - 3?
-119
In base 2, what is 1 + -10001000?
-10000111
In base 9, what is 2 - -2?
4
In base 12, what is 156 - -6?
160
In base 9, what is 21 - -21?
42
In base 15, what is 3 - -50?
53
In base 10, what is 10168 + 2?
10170
In base 2, what is -101 + -11010100?
-11011001
In base 6, what is 11 - -15?
30
In base 8, what is 11265 + -3?
11262
In base 5, what is -344 - 10?
-404
In base 2, what is -101101001 - 10?
-101101011
In base 16, what is f + -fe?
-ef
In base 5, what is -123012 - 10?
-123022
In base 13, what is -c68 - 3?
-c6b
In base 5, what is -2203 - 0?
-2203
In base 10, what is -174 - -1?
-173
In base 9, what is -286 - -15?
-271
In base 8, what is 57 + 15?
74
In base 3, what is 120 - -22?
212
In base 12, what is 155 + -6?
14b
In base 13, what is 27 - 243?
-219
In base 2, what is 1101111111 + 1?
1110000000
In base 7, what is 203 - 5?
165
In base 5, what is 20 - -103?
123
In base 3, what is 1 - -1221?
1222
In base 12, what is -94b - 10?
-95b
In base 9, what is -3 + 42?
38
In base 14, what is -223 + -2?
-225
In base 7, what is -3 + 1615?
1612
In base 10, what is 49 + -5?
44
In base 10, what is 4 - 1094?
-1090
In base 4, what is -1101 + -1301?
-3002
In base 3, what is 12 - -1112?
1201
In base 16, what is 326c - -5?
3271
In base 15, what is -83 - 5?
-88
In base 11, what is -3 + -933?
-936
In base 2, what is -10011000 - 0?
-10011000
In base 6, what is -10442 + 4?
-10434
In base 2, what is -1100110 - 1001?
-1101111
In base 13, what is 5 - -15a?
162
In base 15, what is 316 + -4?
312
In base 16, what is 2 + -379?
-377
In base 16, what is -5 - -94?
8f
In base 3, what is 2212 + 10?
2222
In base 9, what is -27 + 116?
78
In base 5, what is 1 - -102?
103
In base 10, what is -1 + -763?
-764
In base 13, what is 25 - -2?
27
In base 11, what is -24 + 4?
-20
In base 15, what is 34 + 222?
256
In base 16, what is -4 + 3?
-1
In base 7, what is 103 - 2?
101
In base 6, what is -10 + 3351?
3341
In base 13, what is -29 + -45?
-71
